 356*s**2 + 5721*s + 19857. What is k(-11)?
2
Let z(w) = 37222*w + 74437. Calculate z(-2).
-7
Let x(p) = -4*p**2 - 1412*p + 32963. Give x(-375).
-37
Let t(s) = -5140*s + 287835. What is t(56)?
-5
Let z(j) = 165*j + 43456. Calculate z(-259).
721
Let i(x) = x**3 - 75*x**2 + 939*x - 14896. Calculate i(64).
144
Let u(q) = -2*q**3 + 1077*q**2 + 2777*q - 38961. Give u(541).
-9
Let n(y) = 656*y - 6103. What is n(11)?
1113
Let o(s) = 36*s - 73. Determine o(-11).
-469
Let l(n) = -2*n**2 + 15299*n + 33. Calculate l(0).
33
Let x(m) = 2732*m + 98358. Give x(-36).
6
Let v(k) = k**3 + 53*k**2 - 214*k + 803. Determine v(-57).
5
Let o(v) = 62*v**2 + 2398*v + 3851. Calculate o(-37).
3
Let n(l) = -172*l - 24302. What is n(-142)?
122
Let b(u) = 3952*u + 438679. Calculate b(-111).
7
Let h(m) = 178*m**2 - 9608*m - 231. Determine h(54).
-15
Let s(k) = 2*k**2 - 2097*k + 535754. Determine s(441).
-61
Let y(a) = 5*a**2 + 47*a - 499. Give y(24).
3509
Let g(x) = -4*x**3 - 199*x**2 + 2665*x - 19. Determine g(11).
-107
Let w(b) = -82*b**2 - 150*b - 420. Determine w(-5).
-1720
Let g(b) = -b**3 - 5*b**2 + 268*b + 785. Calculate g(-18).
173
Let y(b) = 35*b**3 - 2200*b**2 - 312*b - 250. Calculate y(63).
-61
Let a(k) = -2*k**3 - 783*k**2 - 4997*k + 3048. Give a(-385).
-32
Let h(g) = -49923*g - 199674. Give h(-4).
18
Let u(d) = -d**3 + 3*d**2 + 131*d - 182. Calculate u(11).
291
Let k(u) = -1877*u + 65455. Calculate k(32).
5391
Let z(k) = 4621*k - 52835. Calculate z(12).
2617
Let k(b) = -8733*b + 497961. What is k(57)?
180
Let g(i) = 260*i + 1645. Determine g(-5).
345
Let w(v) = 13*v**2 + 5381*v - 38315. Determine w(7).
-11
Let r(t) = -3*t**2 - 638*t - 6309. What is r(-10)?
-229
Let n(d) = 2*d**2 + 556*d + 14371. Give n(-249).
-71
Let y(k) = 761*k - 46504. Calculate y(61).
-83
Let n(a) = -3715*a + 390089. What is n(105)?
14
Let w(i) = -6*i**3 + 537*i**2 + 222*i - 85. What is w(90)?
-4405
Let n(p) = -p**3 - 46*p**2 + 9*p + 416. Calculate n(-46).
2
Let n(x) = x + 165. What is n(48)?
213
Let w(s) = -3*s**3 + 6*s**2 - 140*s + 558. What is w(4)?
-98
Let i(n) = 148*n**2 + 78856*n + 63846. Calculate i(-532).
6
Let m(h) = -283*h - 38764. What is m(-143)?
1705
Let d(k) = 6*k**2 - 1382*k + 15755. Calculate d(12).
35
Let c(w) = w**3 + 330*w**2 - 1710*w - 11786. What is c(-335)?
-61
Let u(f) = f**3 + 99*f**2 + 304*f + 20170. Calculate u(-98).
-18
Let p(m) = -m**3 + 63*m**2 + 360*m - 19224. Calculate p(64).
-280
Let x(d) = d**3 - 226*d**2 + 1451*d - 380912. Calculate x(227).
-6
Let t(z) = z**2 - 2089*z + 1080069. Give t(940).
9
Let n(s) = 7457*s + 626396. Determine n(-84).
8
Let l(a) = a**3 - 4*a**2 - 252*a - 2178. Give l(0).
-2178
Let l(z) = 4882895*z + 24414475. Calculate l(-5).
0
Let s(v) = -9*v**3 - 941*v**2 + 423*v + 227. What is s(-105)?
-88
Let s(q) = 41164*q - 535120. Calculate s(13).
12
Let i(r) = -16164*r - 4412941. Determine i(-273).
-169
Let k(p) = p**3 - 104*p**2 + 93*p + 12162. Calculate k(102).
840
Let g(z) = -124889*z - 874213. Give g(-7).
10
Let a(t) = 12866*t + 360467. Calculate a(-28).
219
Let u(r) = 2*r**3 + 21*r**2 + 74*r + 910. Calculate u(-11).
-25
Let a(y) = 29852*y - 149236. Determine a(5).
24
Let g(o) = 9*o + 183. Calculate g(-26).
-51
Let l(c) = 922*c - 7332. Determine l(8).
44
Let j(r) = 86979*r + 2870301. What is j(-33)?
-6
Let p(d) = -6*d**3 + 36*d**2 + 14*d - 6. What is p(7)?
-202
Let f(u) = -9*u**2 + 12*u + 170. Give f(6).
-82
Let w(m) = -7*m**2 - 1062*m - 21446. What is w(-24)?
10
Let w(x) = -x**2 - 127*x - 192. What is w(-26)?
2434
Let z(f) = -f**3 - 44*f**2 - 569*f - 5812. Calculate z(-10).
-3522
Let y(b) = 5312*b + 127493. What is y(-24)?
5
Let c(o) = 400*o**3 - 16*o**2 - 28*o + 31. Give c(1).
387
Let c(h) = -29*h**2 - 13728*h - 32503. Determine c(-471).
-4
Let u(c) = 120*c**3 - 19*c**2 + 32*c + 27. Give u(2).
975
Let v(m) = -1147*m + 231696. What is v(202)?
2
Let p(m) = 2868*m - 1368. Calculate p(1).
1500
Let b(t) = 195*t**2 + 57712*t - 2593. Give b(-296).
-225
Let r(b) = -70*b**3 + 114*b**2 + 263*b + 2. Determine r(-3).
2129
Let a(w) = 6*w**2 - 3343*w + 8. Give a(0).
8
Let j(t) = 5539*t - 398754. Give j(72).
54
Let s(t) = 402*t + 25314. Determine s(-63).
-12
Let i(y) = -156*y**2 - 781*y - 10. Give i(-5).
-5
Let n(v) = -v**3 - 207*v**2 - 523*v - 23105. Determine n(-205).
60
Let y(l) = 514*l - 5254. Calculate y(10).
-114
Let r(f) = 5689*f - 3970923. Calculate r(698).
-1
Let s(d) = 2*d**2 + 36*d + 141. Determine s(-12).
-3
Let n(i) = 22*i + 879. What is n(-32)?
175
Let m(l) = -l**2 + 2289*l - 410242. Give m(196).
-14
Let g(p) = -4148*p**2 - 8321*p - 42. Give g(-2).
8
Let r(m) = 15*m - 78. What is r(12)?
102
Let x(j) = -3129*j + 43868. Calculate x(14).
62
Let x(w) = w**2 - 589*w + 75428. What is x(401)?
40
Let m(l) = -l**3 - 75*l**2 + 3727*l + 2276. Determine m(-109).
-13
Let d(x) = x**3 - 71*x - 14. What is d(10)?
276
Let o(t) = -2*t**2 - 35*t + 11813. Determine o(-86).
31
Let s(f) = -f**3 + 45*f**2 + 350*f - 5130. Give s(50).
-130
Let c(j) = -11*j**2 + 344*j + 724. Calculate c(-2).
-8
Let s(j) = j**3 + 104*j**2 - 103*j + 845. Give s(-105).
635
Let o(j) = -j**3 - 88*j**2 + 592*j - 972. What is o(3)?
-15
Let j(b) = 2*b**3 - 76*b**2 - 60*b - 527. Give j(39).
175
Let s(w) = 2*w**3 - 5*w**2 - 60*w - 38. What is s(9)?
475
Let z(s) = s**3 - 21*s**2 - 303*s + 6433. Calculate z(19).
-46
Let i(a) = a**3 - 8*a**2 + 6*a - 32. What is i(10)?
228
Let a(l) = -167*l - 4354. What is a(-27)?
155
Let j(q) = -3*q**3 + 55*q**2 + 314*q - 577. What is j(-6)?
167
Let g(w) = 30*w**2 + 2918*w + 435. Calculate g(-97).
-341
Let p(g) = -2*g**3 + 26*g**2 - 69*g - 64. Give p(11).
-339
Let f(r) = 13390*r + 562349. Determine f(-42).
-31
Let d(q) = -63*q**2 + 5482*q - 247. Determine d(87).
-160
Let w(x) = 2*x**3 + 11*x**2 + 27*x + 60. What is w(-5)?
-50
Let c(b) = -17*b**3 + 2652*b**2 + 20*b - 3090. Give c(156).
30
Let q(d) = -415*d**2 + 285*d - 287. Give q(1).
-417
Let l(p) = 706*p - 13117. Calculate l(18).
-409
Let t(g) = g**2 - 66*g - 403370. Determine t(-603).
37
Let w(r) = 530*r - 14903. Determine w(26).
-1123
Let r(a) = a**2 - 165*a + 6498. What is r(71)?
-176
Let l(p) = 377700*p - 1510798. Determine l(4).
2
Let f(s) = 31281*s + 1689166. What is f(-54)?
-8
Let t(j) = -75468*j - 452790. Give t(-6).
18
Let w(b) = -3*b**2 + 884*b - 60202. Determine w(188).
-42
Let p(d) = d**3 - 3*d**2 - 481*d + 4096. Calculate p(10).
-14
Let s(g) = 2*g**3 + 36*g**2 - 9*g - 103. What is s(-18)?
59
Let u(x) = -x**2 + 269*x - 5169. Determine u(21).
39
Let l(m) = 6*m**3 + 693*m**2 - 937*m - 68288. Determine l(-116).
36
Let x(s) = -s**2 - 1711*s + 147016. Determine x(82).
-10
Let x(q) = -170*q + 14549. Calculate x(79).
1119
Let y(g) = -5*g**3 + 81*g**2 + 23*g + 772. Determine y(17).
7
Let m(o) = -606*o - 343. Determine m(0).
-343
Let z(m) = 54690*m + 164040. Determine z(-3).
-30
Let g(z) = 2*z**3 + 10*z**2 - 131*z + 746. Give g(-12).
302
Let t(q) = 2*q**2 + 205*q - 3582. Calculate t(-118).
76
Let k(x) = -454663*x + 86840636. Determine k(191).
3
Let s(u) = 13632*u - 1472255. What is s(108)?
1
Let q(u) = -2438*u - 13763. Determine q(-6).
865
Let m(r) = 206972*r - 620932. What is m(3)?
-16
Let v(l) = -l**3 - 68*l**2 + 642*l + 2590. What is v(-76)?
6
Let y(c) = -339*c + 1067. What is y(3)?
50
Let a(v) = -2*v**3 + 94*v**2 - 714*v - 189. What is a(10)?
71
Let c(y) = -200*y**2 + 1890*y + 30. Determine c(9).
840
Let x(w) = 5*w**2 - 95*w + 139. What is x(21)?
349
Let s(g) = g**3 + 209*g**2 + 5949*g - 177. Determine s(-175).
-2
Let c(k) = 35*k - 3095. Calculate c(82).
-225
Let w(y) = 1209*y - 35300. Determine w(30).
970
Let z(i) = 3*i**3 + 91*i**2 + 167*i + 3742. Calculate z(-30).
-368
Let b(q) = -q**3 - 221*q**2 + 210*q - 2671. What is b(-222)?
-7
Let m(y) = -1047*y + 5300. Determine m(5).
65
Let d(a) = 54*a - 407. What is d(-1)?
-461
Let k(c) = 3693*c - 122020. Determine k(33).
-151
Let f(c) = -c**3 + 36*c**2 + 17*c + 872. Give f(38).
-1370
Let c(w) = -w**2 - 103*w - 3943. Determine c(-32).
-1671
Let u(j) = 22146*j + 108536. What is u(-5)?
-2194
Let w(i) = 19504*i - 253559. What is w(13)?
-7
Let d(n) = n**3 - 2*n**2 - 109*n + 997. Give d(10).
707
Let m(h) = 708*h - 14718. What is m(21)?
150
Let o(p) = 4687*p - 2352883. What is o(502)?
-9
Let m(g) = g**3 - 87*g**2 + 4879*g - 450077. Calculate m(89).
-4
Let y(c) 